be 4 + a/(0 - 2). Calculate the highest common factor of o and 4.
4
Let y be 10/(-4)*(-64)/(-80) + 42. Calculate the highest common factor of 10 and y.
10
Suppose -13*g + 18*g = 90. Suppose -5*m = -19 - 26. What is the highest common divisor of m and g?
9
Let l = -135 + 136. What is the highest common divisor of l and 16?
1
Suppose -4*k - 5*z - 45 = 0, 3*k = -2*z - 0*z - 25. Let p = -2 - k. What is the greatest common divisor of p and 33?
3
Suppose -2 = z + z. Let m be 5*((-212)/(-20) + z). What is the greatest common divisor of 24 and m?
24
Let m(d) = d**3 - 9*d**2 + 8*d + 11. Let n be m(8). Let a(j) = -2*j + 3. Let g be a(-3). Suppose -n - g = -k. Calculate the greatest common divisor of k and 10.
10
Let s = -56 - -112. Calculate the greatest common divisor of s and 7.
7
Suppose 0 = 51*t - 47*t - 120. Calculate the highest common factor of t and 75.
15
Let k be ((-57)/3 + -1)/(-2). Let a be 14/(-35) - (-124)/k. Calculate the greatest common divisor of a and 30.
6
Suppose -6*m + 11 = -5*m. What is the highest common divisor of m and 44?
11
Let l be 114/14 - (-4)/(-28). Let a be 1*(-174)/(-2) + 1. Calculate the highest common factor of l and a.
8
Let u be (3/9)/(2/(-6)). Let g be u/(2 + (-22)/10). Suppose 0*y - y - 3*n + 21 = 0, -84 = -4*y + g*n. What is the greatest common factor of y and 7?
7
Let j(h) = -h**2 - 12*h + 33. Let p be j(-11). What is the highest common factor of p and 11?
11
Let k = 41 + -83. Let b be (-1 - -3)/((-3)/k). Calculate the highest common divisor of 42 and b.
14
Suppose -4*r - 1309 = -3*i - 193, 5*i = -4*r + 1828. What is the greatest common factor of i and 46?
46
Suppose -15*c + 660 = 7*c. Calculate the greatest common divisor of 42 and c.
6
Let v(q) be the third derivative of -q**6/120 + q**5/15 + q**4/6 - q**3/6 + q**2. Let d be v(4). Calculate the highest common divisor of d and 75.
15
Let c = 24 - 1. Let l = 28 - c. What is the greatest common divisor of 45 and l?
5
Let k(b) = b**2 - 8*b + 9. Let m be k(7). What is the greatest common divisor of 10 and m?
2
Suppose -2*h + 30 = x, -9*h - x + 75 = -4*h. What is the greatest common factor of h and 6?
3
Let x(z) = -z**2 + 33. Let l be x(0). Let i be (44/(-5))/(12/(-30)). Calculate the greatest common factor of l and i.
11
Let r be 8/(-10)*60/(-8). Calculate the greatest common factor of r and 60.
6
Let p be 2 + 1 + 0 + 2. What is the highest common factor of p and 5?
5
Let r be 1/(-1) - (-50)/2. Suppose 2*a + p - 25 = -0*a, -4*a + 5*p = -43. What is the greatest common factor of r and a?
12
Let z = 5 - -7. Let i be (-9)/4 + 3/z. Let c be (104/12)/(i/(-3)). What is the highest common divisor of c and 143?
13
Let x be 2*1 - (5 - 3). Suppose -i = -x*i - 12. Let d(t) = t**3 - 11*t**2 + 11*t + 2. Let p be d(10). What is the greatest common divisor of i and p?
12
Suppose -32 - 36 = -2*v. What is the highest common factor of 306 and v?
34
Let b = -6 + 5. Let y(l) = l**3 + 7*l**2 + 4*l - 4. Let x be y(-4). Let p be b*38*x/(-8). What is the highest common divisor of 19 and p?
19
Suppose 2*z = 5*l - 2*z - 1595, 0 = -z. Calculate the highest common factor of 29 and l.
29
Let u = -6 - -4. Let c be (u + 4 - -31)*1. Let k(v) = -v**2 - 5*v - 3. Let x be k(-3). Calculate the greatest common factor of c and x.
3
Suppose -1601 + 89 = -7*v. What is the greatest common factor of 24 and v?
24
Suppose -p = 5*b + 16, -3*b = -2*p + 54 - 21. Suppose -l + 0*l + p = 0. What is the greatest common factor of 63 and l?
9
Let b = 14 + -26. Let f = b + 33. What is the highest common divisor of 14 and f?
7
Let a = -2 - -4. Suppose 0 = -5*r - 10, s + 12 = 5*s + a*r. Suppose 3*c + 2*v = 36, -v + 55 = 4*c + s*v. Calculate the highest common divisor of c and 10.
10
Suppose 2*u = 6*u + 4. Let h be 5 - (-1 + u + 1). Calculate the greatest common divisor of h and 6.
6
Let m(j) = -j**2 + 6*j - 1. Let u be m(5). Suppose u = o + 1. Suppose 5*d + 5 = 50. Calculate the highest common factor of d and o.
3
Let c = -81 + 149. Suppose -3*m - c = -7*m. Let j = m + 91. What is the highest common factor of j and 12?
12
Suppose 4*s - 4*j - 88 = 0, 4*s = 5*j + 99 - 14. What is the highest common factor of 275 and s?
25
Let i(t) = 4*t - 3. Let p be i(9). What is the highest common divisor of 3 and p?
3
Let f = 54 + -33. Let g(l) = 13*l - 36. Let p be g(6). Calculate the greatest common factor of p and f.
21
Let y be (-1 - 1*-2)*-37. Suppose -j - 61 = -0*j. Let c = y - j. What is the greatest common divisor of c and 16?
8
Suppose -q = -3*q + 4. Suppose 0*o - 16 = -q*o. Suppose 3*c + 45 = o*c. What is the greatest common divisor of 99 and c?
9
Let s = 20 - 8. Suppose 3*c - 365 = 70. Let g be c/3 - 4/12. What is the greatest common factor of g and s?
12
Let j(o) = o**3 - 4*o**2 - 8*o + 2. Let w be j(6). Let n be 2/2 + -3 + w. Let v = -22 + 58. What is the greatest common factor of v and n?
12
Suppose -7*f = -2*f + 2030. Suppose -3*u = -t - 3, 3*t + 5*u = 2*t + 13. Let g be (-1)/3 - f/t. Calculate the highest common factor of g and 15.
15
Let g = -5 + 4. Let c be g/1 - (-146)/2. What is the highest common divisor of 8 and c?
8
Let k = 11 + 14. Let f = -5 + k. What is the greatest common factor of 8 and f?
4
Suppose -2*q + 4*q = 6. Suppose -3*h = -8*h + 105. Calculate the highest common divisor of h and q.
3
Let h(b) = b**3 - 10*b**2 - 5*b + 6. Let n be h(11). Suppose 8*u - 3*u - 15 = 0. Let a be (u + 0)*(10 + -6). Calculate the highest common factor of a and n.
12
Let i(p) = 11*p + 1. Let b be i(1). Let m be (-836)/(-14) + 4/14. What is the greatest common factor of b and m?
12
Let v = 15 - 11. Let s be v/(-14) + 58/7. Let j(w) = -2*w**2 - 21*w - 9. Let l be j(-7). Calculate the highest common divisor of s and l.
8
Suppose -23 = -2*p + 37. What is the highest common divisor of p and 20?
10
Let w be (56/(-20))/((-2)/10). Calculate the greatest common divisor of 14 and w.
14
Let d(m) = -29*m + 3. Let v be d(-9). Calculate the greatest common divisor of v and 24.
24
Let i be (((-128)/(-20))/4)/((-14)/(-105)). Calculate the highest common factor of i and 192.
12
Let j be 1/(-3) + (-20)/(-6). Let l = -37 + 61. Calculate the highest common divisor of l and j.
3
Suppose x = 4*v - 0*v - 32, 5 = v - x. Calculate the highest common divisor of v and 18.
9
Suppose 3*m - 2*n = 115, 5*m + 2*n - 296 = -99. What is the greatest common factor of 13 and m?
13
Suppose 0*h + 3*h + 6 = 0. Let z be (-2)/1*11/h. Suppose z = 5*w - 24. What is the highest common factor of w and 7?
7
Let q(c) = c**2 + 3*c - 2. Let i be 52/(-10) - 4/(-20). Let b be q(i). Calculate the greatest common divisor of 88 and b.
8
Suppose 3*u - 3 = -6, -60 = -3*x + 3*u. Let m = 465 - 275. What is the highest common factor of m and x?
19
Suppose -3*u + 78 = 4*x - 2*x, 2*u + 2*x = 54. What is the highest common divisor of 40 and u?
8
Let v = 214 - -2. Calculate the greatest common divisor of 27 and v.
27
Let f = 29 - 10. Suppose 0 = 4*s + 2*b - 2054, 3*b + b - 4 = 0. Suppose 3*z = -0*z + s. What is the greatest common factor of z and f?
19
Let f = 684 - 484. Suppose 0*y - f = -5*y. Let i = y + -27. What is the greatest common factor of 117 and i?
13
Let a = 54 - 14. Calculate the greatest common factor of a and 16.
8
Let d = 70 + -60. Let a be (-4)/16 + 17/4. What is the highest common divisor of a and d?
2
Suppose -106 - 11 = -2*h + g, -2*h + 4*g = -108. Let c be 270/75*(-10)/(-3). What is the greatest common factor of h and c?
12
Let v be (11 + 0 - 1)*(-96)/(-60). What is the highest common factor of v and 144?
16
Suppose 2*q = -4 - 2. Let x be q/(-5) - (-72)/5. What is the greatest common factor of x and 120?
15
Let o = -7 - -11. Suppose -7*i = -3*i + 20. Let p(y) = -3*y - 7. Let r be p(i). What is the greatest common factor of o and r?
4
Suppose -90 = 2*t - 4*t. Let w = 41 + -26. Calculate the highest common factor of t and w.
15
Let q(z) = 2*z**2 - 5*z + 5. Let a be q(5). Let r be 15*((-2)/1 + 3). What is the greatest common factor of a and r?
15
Suppose 3*a - b = 283, 0 = -a - 3*a + 5*b + 359. What is the greatest common divisor of 12 and a?
12
Let y be (0 + 35)*(2 - 0). Let j be -1*(-2)/(2/(-17)). Let k = j - -27. What is the highest common divisor of y and k?
10
Suppose -140 - 20 = -5*n. Calculate the highest common factor of n and 288.
32
Let t(c) = 2*c**2 - 4*c +